{"id":2674,"date":"2025-10-05T15:22:18","date_gmt":"2025-10-05T13:22:18","guid":{"rendered":"https:\/\/jenefumeplus.fr\/podcasts\/?page_id=2674"},"modified":"2025-10-05T15:22:18","modified_gmt":"2025-10-05T13:22:18","slug":"mentions-legales","status":"publish","type":"page","link":"https:\/\/jenefumeplus.fr\/podcasts\/?page_id=2674","title":{"rendered":"Mentions l\u00e9gales"},"content":{"rendered":"\n<h2 class=\"wp-block-heading is-style-text-subtitle has-large-font-size is-style-text-subtitle--1\">\u00c9diteur du site \u00ab\u00a0jenefumeplus.fr\/podcasts\u00a0\u00bb<\/h2>\n\n\n\n<p class=\"has-medium-font-size\">Association Je ne fume plus !<br>Association sans but lucratif &#8211; Loi 1901- RNA : W224006092<\/p>\n\n\n\n<p class=\"has-medium-font-size\">BP 44 &#8211; Mairie &#8211; 1 rue Edmond Besson 56140 Malestroit<br>presidence@jenefumeplus.org <br>+33 6 37 69 41 41<br>SIRET : 834 706 947 00027<br>Infos l\u00e9gales : <a href=\"https:\/\/annuaire-entreprises.data.gouv.fr\/entreprise\/association-je-ne-fume-plus-834706947\">annuaire-entreprises.data.gouv.fr\/entreprise\/association-je-ne-fume-plus-834706947<\/a><\/p>\n\n\n\n<h2 class=\"wp-block-heading has-large-font-size\">Directrice de la publication<\/h2>\n\n\n\n<p class=\"has-medium-font-size\">Fran\u00e7oise Gaudel, pr\u00e9sidente de l&rsquo;association.<\/p>\n\n\n\n<h2 class=\"wp-block-heading has-large-font-size\">H\u00e9bergeur :<\/h2>\n\n\n\n<p class=\"has-medium-font-size\">OVH (OVHCLOUD) SAS<br>OVH, 2 RUE KELLERMANN 59100 ROUBAIX<\/p>\n\n\n\n<h2 class=\"wp-block-heading has-large-font-size\">Acc\u00e8s et utilisation :<\/h2>\n\n\n\n<p class=\"has-medium-font-size\">L\u2019acc\u00e8s au site et son utilisation sont r\u00e9serv\u00e9s \u00e0 un usage strictement personnel. Toute utilisation \u00e0 des fins commerciales ou publicitaires est interdite.<\/p>\n\n\n\n<h2 class=\"wp-block-heading has-large-font-size\">Propri\u00e9t\u00e9<strong> <\/strong>intellectuelle<strong> :<\/strong><\/h2>\n\n\n\n<p class=\"has-medium-font-size\">L\u2019ensemble du contenu audio, textuel et visuel pr\u00e9sent sur ce site (podcasts, illustrations, articles, titres, descriptions, etc.) est prot\u00e9g\u00e9 par le droit d\u2019auteur en vertu des dispositions du Code de la propri\u00e9t\u00e9 intellectuelle.<br>Toute reproduction, repr\u00e9sentation, modification, publication, transmission, ou exploitation de tout ou partie du site et de ses contenus, par quelque proc\u00e9d\u00e9 que ce soit, est interdite sans l\u2019autorisation \u00e9crite pr\u00e9alable de l\u2019association ou des auteurs concern\u00e9s.<\/p>\n\n\n\n<h2 class=\"wp-block-heading has-large-font-size\">Politique de confidentialit\u00e9 :<\/h2>\n\n\n\n<p class=\"has-medium-font-size\">Consulter <a href=\"https:\/\/jenefumeplus.fr\/podcasts\/?page_id=3\" data-type=\"page\" data-id=\"3\">ici<\/a><\/p>\n\n\n\n<p class=\"has-medium-font-size\">Mise \u00e0 jour des mentions l\u00e9gales : 3 octobre 2025.<br><\/p>\n","protected":false},"excerpt":{"rendered":"<p>\u00c9diteur du site \u00ab\u00a0jenefumeplus.fr\/podcasts\u00a0\u00bb Association Je ne fume plus !Association sans but lucratif &#8211; Loi 1901- RNA : W224006092 BP 44 &#8211; Mairie &#8211; 1 rue Edmond Besson 56140 Malestroitpresidence@jenefumeplus.org +33 6 37 69 41 41SIRET : 834 706 947 00027Infos l\u00e9gales : annuaire-entreprises.data.gouv.fr\/entreprise\/association-je-ne-fume-plus-834706947 Directrice de la publication Fran\u00e7oise Gaudel, pr\u00e9sidente de l&rsquo;association. H\u00e9bergeur : [&hellip;]<\/p>\n","protected":false},"author":3,"featured_media":0,"parent":0,"menu_order":0,"comment_status":"closed","ping_status":"closed","template":"","meta":{"footnotes":""},"class_list":["post-2674","page","type-page","status-publish","hentry"],"_links":{"self":[{"href":"https:\/\/jenefumeplus.fr\/podcasts\/index.php?rest_route=\/wp\/v2\/pages\/2674","targetHints":{"allow":["GET"]}}],"collection":[{"href":"https:\/\/jenefumeplus.fr\/podcasts\/index.php?rest_route=\/wp\/v2\/pages"}],"about":[{"href":"https:\/\/jenefumeplus.fr\/podcasts\/index.php?rest_route=\/wp\/v2\/types\/page"}],"author":[{"embeddable":true,"href":"https:\/\/jenefumeplus.fr\/podcasts\/index.php?rest_route=\/wp\/v2\/users\/3"}],"replies":[{"embeddable":true,"href":"https:\/\/jenefumeplus.fr\/podcasts\/index.php?rest_route=%2Fwp%2Fv2%2Fcomments&post=2674"}],"version-history":[{"count":1,"href":"https:\/\/jenefumeplus.fr\/podcasts\/index.php?rest_route=\/wp\/v2\/pages\/2674\/revisions"}],"predecessor-version":[{"id":2686,"href":"https:\/\/jenefumeplus.fr\/podcasts\/index.php?rest_route=\/wp\/v2\/pages\/2674\/revisions\/2686"}],"wp:attachment":[{"href":"https:\/\/jenefumeplus.fr\/podcasts\/index.php?rest_route=%2Fwp%2Fv2%2Fmedia&parent=2674"}],"curies":[{"name":"wp","href":"https:\/\/api.w.org\/{rel}","templated":true}]}}

Mentions légales

<h2 class="wp-block-heading is-style-text-subtitle has-large-font-size is-style-text-subtitle--1">Éditeur du site « jenefumeplus.fr/podcasts »</h2>



<p class="has-medium-font-size">Association Je ne fume plus !<br>Association sans but lucratif &#8211; Loi 1901- RNA : W224006092</p>



<p class="has-medium-font-size">BP 44 &#8211; Mairie &#8211; 1 rue Edmond Besson 56140 Malestroit<br>presidence@jenefumeplus.org <br>+33 6 37 69 41 41<br>SIRET : 834 706 947 00027<br>Infos légales : <a href="https://annuaire-entreprises.data.gouv.fr/entreprise/association-je-ne-fume-plus-834706947">annuaire-entreprises.data.gouv.fr/entreprise/association-je-ne-fume-plus-834706947</a></p>



<h2 class="wp-block-heading has-large-font-size">Directrice de la publication</h2>



<p class="has-medium-font-size">Françoise Gaudel, présidente de l&rsquo;association.</p>



<h2 class="wp-block-heading has-large-font-size">Hébergeur :</h2>



<p class="has-medium-font-size">OVH (OVHCLOUD) SAS<br>OVH, 2 RUE KELLERMANN 59100 ROUBAIX</p>



<h2 class="wp-block-heading has-large-font-size">Accès et utilisation :</h2>



<p class="has-medium-font-size">L’accès au site et son utilisation sont réservés à un usage strictement personnel. Toute utilisation à des fins commerciales ou publicitaires est interdite.</p>



<h2 class="wp-block-heading has-large-font-size">Propriété<strong> </strong>intellectuelle<strong> :</strong></h2>



<p class="has-medium-font-size">L’ensemble du contenu audio, textuel et visuel présent sur ce site (podcasts, illustrations, articles, titres, descriptions, etc.) est protégé par le droit d’auteur en vertu des dispositions du Code de la propriété intellectuelle.<br>Toute reproduction, représentation, modification, publication, transmission, ou exploitation de tout ou partie du site et de ses contenus, par quelque procédé que ce soit, est interdite sans l’autorisation écrite préalable de l’association ou des auteurs concernés.</p>



<h2 class="wp-block-heading has-large-font-size">Politique de confidentialité :</h2>



<p class="has-medium-font-size">Consulter <a href="https://jenefumeplus.fr/podcasts/?page_id=3" data-type="page" data-id="3">ici</a></p>



<p class="has-medium-font-size">Mise à jour des mentions légales : 3 octobre 2025.<br></p>

<p>Éditeur du site « jenefumeplus.fr/podcasts » Association Je ne fume plus !Association sans but lucratif &#8211; Loi 1901- RNA : W224006092 BP 44 &#8211; Mairie &#8211; 1 rue Edmond Besson 56140 Malestroitpresidence@jenefumeplus.org +33 6 37 69 41 41SIRET : 834 706 947 00027Infos légales : annuaire-entreprises.data.gouv.fr/entreprise/association-je-ne-fume-plus-834706947 Directrice de la publication Françoise Gaudel, présidente de l&rsquo;association. Hébergeur : [&hellip;]</p>
