{"id":2691,"date":"2025-10-05T16:04:47","date_gmt":"2025-10-05T14:04:47","guid":{"rendered":"https:\/\/jenefumeplus.fr\/podcasts\/?page_id=2691"},"modified":"2026-01-08T20:30:32","modified_gmt":"2026-01-08T19:30:32","slug":"generique-credits","status":"publish","type":"page","link":"https:\/\/jenefumeplus.fr\/podcasts\/?page_id=2691","title":{"rendered":"G\u00e9n\u00e9rique &#8211; Cr\u00e9dits &#8211; Remerciements"},"content":{"rendered":"\n<div class=\"wp-block-columns is-layout-flex wp-container-core-columns-is-layout-28f84493 wp-block-columns-is-layout-flex\">\n<div class=\"wp-block-column is-layout-flow wp-block-column-is-layout-flow\" style=\"flex-basis:66.66%\"><\/div>\n\n\n\n<div class=\"wp-block-column is-layout-flow wp-block-column-is-layout-flow\" style=\"flex-basis:33.33%\"><\/div>\n<\/div>\n\n\n\n<h2 class=\"wp-block-heading has-large-font-size\">Ce site est d\u00e9di\u00e9 \u00e0 la m\u00e9moire du Dr Michel Underner<\/h2>\n\n\n\n<div class=\"wp-block-columns is-layout-flex wp-container-core-columns-is-layout-28f84493 wp-block-columns-is-layout-flex\">\n<div class=\"wp-block-column is-layout-flow wp-block-column-is-layout-flow\" style=\"flex-basis:66.66%\">\n<p class=\"has-medium-font-size\"> Michel Underner \u00e9tait m\u00e9decin, pneumologue, et <em>&nbsp;<\/em>tabacologue au CH Henri Laborit \u00e0 Poitiers.<br>Membre \u00e9minent de la soci\u00e9t\u00e9 francophone de tabacologie, il \u00e9tait l&rsquo;un des plus grands sp\u00e9cialistes de la tabacologie en France. <br>\u00ab\u00a0Dr Mike\u00a0\u00bb devait enregistrer ces podcasts avec nous. Nous tenons \u00e0 saluer sa m\u00e9moire, toutes nos pens\u00e9es sont pour lui au sortir de ces \u00e9pisodes podcasts.<\/p>\n<\/div>\n\n\n\n<div class=\"wp-block-column is-layout-flow wp-block-column-is-layout-flow\" style=\"flex-basis:33.33%\">\n<figure class=\"wp-block-image size-full\"><img loading=\"lazy\" decoding=\"async\" width=\"512\" height=\"512\" src=\"https:\/\/jenefumeplus.fr\/podcasts\/wp-content\/uploads\/2025\/10\/Michel-Underner.jpg\" alt=\"\" class=\"wp-image-2692\" srcset=\"https:\/\/jenefumeplus.fr\/podcasts\/wp-content\/uploads\/2025\/10\/Michel-Underner.jpg 512w, https:\/\/jenefumeplus.fr\/podcasts\/wp-content\/uploads\/2025\/10\/Michel-Underner-300x300.jpg 300w, https:\/\/jenefumeplus.fr\/podcasts\/wp-content\/uploads\/2025\/10\/Michel-Underner-150x150.jpg 150w\" sizes=\"auto, (max-width: 512px) 100vw, 512px\" \/><\/figure>\n<\/div>\n<\/div>\n\n\n\n<p><\/p>\n\n\n\n<h2 class=\"wp-block-heading has-large-font-size\">Avec le soutien financier de la Fondation Afnic pour la solidarit\u00e9 num\u00e9rique<\/h2>\n\n\n\n<div class=\"wp-block-columns is-layout-flex wp-container-core-columns-is-layout-28f84493 wp-block-columns-is-layout-flex\">\n<div class=\"wp-block-column is-layout-flow wp-block-column-is-layout-flow\" style=\"flex-basis:33.33%\">\n<figure class=\"wp-block-image size-full\"><img loading=\"lazy\" decoding=\"async\" width=\"370\" height=\"135\" src=\"https:\/\/jenefumeplus.fr\/podcasts\/wp-content\/uploads\/2024\/10\/Logo-FONDAFNIC.jpg\" alt=\"\" class=\"wp-image-2143\" srcset=\"https:\/\/jenefumeplus.fr\/podcasts\/wp-content\/uploads\/2024\/10\/Logo-FONDAFNIC.jpg 370w, https:\/\/jenefumeplus.fr\/podcasts\/wp-content\/uploads\/2024\/10\/Logo-FONDAFNIC-300x109.jpg 300w\" sizes=\"auto, (max-width: 370px) 100vw, 370px\" \/><\/figure>\n<\/div>\n\n\n\n<div class=\"wp-block-column is-layout-flow wp-block-column-is-layout-flow\" style=\"flex-basis:66.66%\">\n<p class=\"has-medium-font-size\">La Fondation Afnic pour la Solidarit\u00e9 Num\u00e9rique a pour objet le soutien au d\u00e9veloppement d&rsquo;un Internet solidaire, la formation et la sensibilisation \u00e0 ses usages, par le soutien \u00e0 des initiatives locales et structurantes de solidarit\u00e9 num\u00e9rique.<\/p>\n<\/div>\n<\/div>\n\n\n\n<p><\/p>\n\n\n\n<h2 class=\"wp-block-heading has-large-font-size\">Les protagonistes des dialogues autour de la d\u00e9fume<\/h2>\n\n\n\n<div class=\"wp-block-columns is-layout-flex wp-container-core-columns-is-layout-28f84493 wp-block-columns-is-layout-flex\">\n<div class=\"wp-block-column is-layout-flow wp-block-column-is-layout-flow\" style=\"flex-basis:33.33%\">\n<figure class=\"wp-block-image size-large\"><img loading=\"lazy\" decoding=\"async\" width=\"1024\" height=\"576\" src=\"https:\/\/jenefumeplus.fr\/podcasts\/wp-content\/uploads\/2025\/10\/9-la-diminution-et-lauto-titrage-HD-1080p-mov-image-1024x576.jpg\" alt=\"\" class=\"wp-image-2533\" srcset=\"https:\/\/jenefumeplus.fr\/podcasts\/wp-content\/uploads\/2025\/10\/9-la-diminution-et-lauto-titrage-HD-1080p-mov-image-1024x576.jpg 1024w, https:\/\/jenefumeplus.fr\/podcasts\/wp-content\/uploads\/2025\/10\/9-la-diminution-et-lauto-titrage-HD-1080p-mov-image-300x169.jpg 300w, https:\/\/jenefumeplus.fr\/podcasts\/wp-content\/uploads\/2025\/10\/9-la-diminution-et-lauto-titrage-HD-1080p-mov-image-768x432.jpg 768w, https:\/\/jenefumeplus.fr\/podcasts\/wp-content\/uploads\/2025\/10\/9-la-diminution-et-lauto-titrage-HD-1080p-mov-image-1536x864.jpg 1536w, https:\/\/jenefumeplus.fr\/podcasts\/wp-content\/uploads\/2025\/10\/9-la-diminution-et-lauto-titrage-HD-1080p-mov-image.jpg 1920w\" sizes=\"auto, (max-width: 1024px) 100vw, 1024px\" \/><\/figure>\n<\/div>\n\n\n\n<div class=\"wp-block-column is-layout-flow wp-block-column-is-layout-flow\" style=\"flex-basis:66.66%\">\n<p>Fran\u00e7oise Gaudel<\/p>\n\n\n\n<p class=\"has-medium-font-size\">Psychologue, tabacologue, patiente-experte Addictions, pr\u00e9sidente de l&rsquo;association Je ne fume plus !#JNFP<\/p>\n<\/div>\n<\/div>\n\n\n\n<div class=\"wp-block-columns is-layout-flex wp-container-core-columns-is-layout-28f84493 wp-block-columns-is-layout-flex\">\n<div class=\"wp-block-column is-layout-flow wp-block-column-is-layout-flow\" style=\"flex-basis:66.66%\">\n<p>Beno\u00eet Beaume<\/p>\n\n\n\n<p class=\"has-medium-font-size\">Patient-expert addictions.<br><\/p>\n<\/div>\n\n\n\n<div class=\"wp-block-column is-layout-flow wp-block-column-is-layout-flow\" style=\"flex-basis:33.33%\">\n<figure class=\"wp-block-image size-full\"><img loading=\"lazy\" decoding=\"async\" width=\"996\" height=\"558\" src=\"https:\/\/jenefumeplus.fr\/podcasts\/wp-content\/uploads\/2025\/01\/Capture-de\u0301cran-2025-10-04-a\u0300-16.14.13.png\" alt=\"\" class=\"wp-image-2632\" srcset=\"https:\/\/jenefumeplus.fr\/podcasts\/wp-content\/uploads\/2025\/01\/Capture-de\u0301cran-2025-10-04-a\u0300-16.14.13.png 996w, https:\/\/jenefumeplus.fr\/podcasts\/wp-content\/uploads\/2025\/01\/Capture-de\u0301cran-2025-10-04-a\u0300-16.14.13-300x168.png 300w, https:\/\/jenefumeplus.fr\/podcasts\/wp-content\/uploads\/2025\/01\/Capture-de\u0301cran-2025-10-04-a\u0300-16.14.13-768x430.png 768w\" sizes=\"auto, (max-width: 996px) 100vw, 996px\" \/><\/figure>\n<\/div>\n<\/div>\n\n\n\n<p><\/p>\n\n\n\n<h2 class=\"wp-block-heading has-large-font-size\">Ont particip\u00e9 \u00e0 la cr\u00e9ation, \u00e0 l&rsquo;\u00e9dition et \u00e0 la mise en ligne du contenu du site :<\/h2>\n\n\n\n<p class=\"has-medium-font-size\">Alain Dejour (Transcription, Conception-\u00c9dition web), Dominique Everaerts (\u00c9coute et rep\u00e9rage des liens), Alexia Galti\u00e9 (Appui au choix des \u00e9pisodes, s\u00e9lection et validation des passages sonores), Fran\u00e7oise Gaudel (R\u00e9dactrice), Pascal Henriot (Cr\u00e9ation et montage vid\u00e9os d&rsquo;illustration), Elise Krempp (Relecture, liens), Mich\u00e8le Robine (Relecture, liens), Ingrid Rotolo (Cr\u00e9ation et montage vid\u00e9os d&rsquo;illustration),<\/p>\n\n\n\n<p><\/p>\n\n\n\n<h2 class=\"wp-block-heading has-large-font-size\">Ing\u00e9nieur du son, montage et \u00e9dition sonore des podcasts, cr\u00e9ation musicale<\/h2>\n\n\n\n<p class=\"has-medium-font-size\">F\u00e9lix de Meyer \u2013 Compositeur<br>35250 Saint-Germain-sur-Ille<br>N\u00b0ss : 1 90 04 49 007 364 12<br>N\u00b0Artiste : 748000007205249894<br>demeyerfelix@gmail.com<\/p>\n\n\n\n<p><\/p>\n\n\n\n<h2 class=\"wp-block-heading has-large-font-size\">Site et podcasts produits par l&rsquo;association Je ne fume plus ! #JNFP<\/h2>\n\n\n\n<div class=\"wp-block-columns is-layout-flex wp-container-core-columns-is-layout-28f84493 wp-block-columns-is-layout-flex\">\n<div class=\"wp-block-column is-layout-flow wp-block-column-is-layout-flow\" style=\"flex-basis:33.33%\">\n<figure class=\"wp-block-image size-full\"><img loading=\"lazy\" decoding=\"async\" width=\"512\" height=\"512\" src=\"https:\/\/jenefumeplus.fr\/podcasts\/wp-content\/uploads\/2024\/08\/cropped-logo-rond-512x512-1.png\" alt=\"\" class=\"wp-image-1953\" srcset=\"https:\/\/jenefumeplus.fr\/podcasts\/wp-content\/uploads\/2024\/08\/cropped-logo-rond-512x512-1.png 512w, https:\/\/jenefumeplus.fr\/podcasts\/wp-content\/uploads\/2024\/08\/cropped-logo-rond-512x512-1-300x300.png 300w, https:\/\/jenefumeplus.fr\/podcasts\/wp-content\/uploads\/2024\/08\/cropped-logo-rond-512x512-1-150x150.png 150w, https:\/\/jenefumeplus.fr\/podcasts\/wp-content\/uploads\/2024\/08\/cropped-logo-rond-512x512-1-270x270.png 270w, https:\/\/jenefumeplus.fr\/podcasts\/wp-content\/uploads\/2024\/08\/cropped-logo-rond-512x512-1-192x192.png 192w, https:\/\/jenefumeplus.fr\/podcasts\/wp-content\/uploads\/2024\/08\/cropped-logo-rond-512x512-1-180x180.png 180w, https:\/\/jenefumeplus.fr\/podcasts\/wp-content\/uploads\/2024\/08\/cropped-logo-rond-512x512-1-32x32.png 32w\" sizes=\"auto, (max-width: 512px) 100vw, 512px\" \/><\/figure>\n<\/div>\n\n\n\n<div class=\"wp-block-column is-layout-flow wp-block-column-is-layout-flow\" style=\"flex-basis:66.66%\">\n<p class=\"has-medium-font-size\"><br>L&rsquo;association JNFP g\u00e8re un espace d\u2019auto-support, d&rsquo;entraide et d&rsquo;information sur Facebook, de 26 000 membres aujourd\u2019hui, avec l\u2019inscription de plus de 50 000 personnes depuis 2015.<\/p>\n\n\n\n<p class=\"has-medium-font-size\"><a href=\"https:\/\/www.facebook.com\/groups\/jenefumeplus\" data-type=\"link\" data-id=\"https:\/\/www.facebook.com\/groups\/jenefumeplus\">Groupe Facebook #JNFP<\/a><\/p>\n\n\n\n<p class=\"has-medium-font-size\">L&rsquo;association JNFP m\u00e8ne de nombreuses actions \u00e0 destinations du grand public et des professionnels.<br><a href=\"https:\/\/www.facebook.com\/search\/top?q=je%20ne%20fume%20plus%20%23jnfp%20l%27asso.\" data-type=\"link\" data-id=\"https:\/\/www.facebook.com\/search\/top?q=je%20ne%20fume%20plus%20%23jnfp%20l%27asso.\">Page Facebook de l&rsquo;association<\/a><\/p>\n<\/div>\n<\/div>\n\n\n\n<div class=\"wp-block-columns is-layout-flex wp-container-core-columns-is-layout-28f84493 wp-block-columns-is-layout-flex\">\n<div class=\"wp-block-column is-layout-flow wp-block-column-is-layout-flow\">\n<figure class=\"wp-block-image size-large\"><img loading=\"lazy\" decoding=\"async\" width=\"724\" height=\"1024\" src=\"https:\/\/jenefumeplus.fr\/podcasts\/wp-content\/uploads\/2025\/10\/Flyer-Asso-JNFP-wLinks-724x1024.jpg\" alt=\"\" class=\"wp-image-2749\" srcset=\"https:\/\/jenefumeplus.fr\/podcasts\/wp-content\/uploads\/2025\/10\/Flyer-Asso-JNFP-wLinks-724x1024.jpg 724w, https:\/\/jenefumeplus.fr\/podcasts\/wp-content\/uploads\/2025\/10\/Flyer-Asso-JNFP-wLinks-212x300.jpg 212w, https:\/\/jenefumeplus.fr\/podcasts\/wp-content\/uploads\/2025\/10\/Flyer-Asso-JNFP-wLinks-768x1086.jpg 768w, https:\/\/jenefumeplus.fr\/podcasts\/wp-content\/uploads\/2025\/10\/Flyer-Asso-JNFP-wLinks-1086x1536.jpg 1086w, https:\/\/jenefumeplus.fr\/podcasts\/wp-content\/uploads\/2025\/10\/Flyer-Asso-JNFP-wLinks-1448x2048.jpg 1448w, https:\/\/jenefumeplus.fr\/podcasts\/wp-content\/uploads\/2025\/10\/Flyer-Asso-JNFP-wLinks.jpg 1655w\" sizes=\"auto, (max-width: 724px) 100vw, 724px\" \/><\/figure>\n<\/div>\n<\/div>\n","protected":false},"excerpt":{"rendered":"<p>Ce site est d\u00e9di\u00e9 \u00e0 la m\u00e9moire du Dr Michel Underner Michel Underner \u00e9tait m\u00e9decin, pneumologue, et &nbsp;tabacologue au CH Henri Laborit \u00e0 Poitiers.Membre \u00e9minent de la soci\u00e9t\u00e9 francophone de tabacologie, il \u00e9tait l&rsquo;un des plus grands sp\u00e9cialistes de la tabacologie en France. \u00ab\u00a0Dr Mike\u00a0\u00bb devait enregistrer ces podcasts avec nous. Nous tenons \u00e0 saluer [&hellip;]<\/p>\n","protected":false},"author":3,"featured_media":0,"parent":0,"menu_order":0,"comment_status":"closed","ping_status":"closed","template":"","meta":{"footnotes":""},"class_list":["post-2691","page","type-page","status-publish","hentry"],"_links":{"self":[{"href":"https:\/\/jenefumeplus.fr\/podcasts\/index.php?rest_route=\/wp\/v2\/pages\/2691","targetHints":{"allow":["GET"]}}],"collection":[{"href":"https:\/\/jenefumeplus.fr\/podcasts\/index.php?rest_route=\/wp\/v2\/pages"}],"about":[{"href":"https:\/\/jenefumeplus.fr\/podcasts\/index.php?rest_route=\/wp\/v2\/types\/page"}],"author":[{"embeddable":true,"href":"https:\/\/jenefumeplus.fr\/podcasts\/index.php?rest_route=\/wp\/v2\/users\/3"}],"replies":[{"embeddable":true,"href":"https:\/\/jenefumeplus.fr\/podcasts\/index.php?rest_route=%2Fwp%2Fv2%2Fcomments&post=2691"}],"version-history":[{"count":8,"href":"https:\/\/jenefumeplus.fr\/podcasts\/index.php?rest_route=\/wp\/v2\/pages\/2691\/revisions"}],"predecessor-version":[{"id":2776,"href":"https:\/\/jenefumeplus.fr\/podcasts\/index.php?rest_route=\/wp\/v2\/pages\/2691\/revisions\/2776"}],"wp:attachment":[{"href":"https:\/\/jenefumeplus.fr\/podcasts\/index.php?rest_route=%2Fwp%2Fv2%2Fmedia&parent=2691"}],"curies":[{"name":"wp","href":"https:\/\/api.w.org\/{rel}","templated":true}]}}

Générique &#8211; Crédits &#8211; Remerciements

<div class="wp-block-columns is-layout-flex wp-container-core-columns-is-layout-28f84493 wp-block-columns-is-layout-flex">
<div class="wp-block-column is-layout-flow wp-block-column-is-layout-flow" style="flex-basis:66.66%"></div>



<div class="wp-block-column is-layout-flow wp-block-column-is-layout-flow" style="flex-basis:33.33%"></div>
</div>



<h2 class="wp-block-heading has-large-font-size">Ce site est dédié à la mémoire du Dr Michel Underner</h2>



<div class="wp-block-columns is-layout-flex wp-container-core-columns-is-layout-28f84493 wp-block-columns-is-layout-flex">
<div class="wp-block-column is-layout-flow wp-block-column-is-layout-flow" style="flex-basis:66.66%">
<p class="has-medium-font-size"> Michel Underner était médecin, pneumologue, et <em>&nbsp;</em>tabacologue au CH Henri Laborit à Poitiers.<br>Membre éminent de la société francophone de tabacologie, il était l&rsquo;un des plus grands spécialistes de la tabacologie en France. <br>« Dr Mike » devait enregistrer ces podcasts avec nous. Nous tenons à saluer sa mémoire, toutes nos pensées sont pour lui au sortir de ces épisodes podcasts.</p>
</div>



<div class="wp-block-column is-layout-flow wp-block-column-is-layout-flow" style="flex-basis:33.33%">
<figure class="wp-block-image size-full"><img loading="lazy" decoding="async" width="512" height="512" src="https://jenefumeplus.fr/podcasts/wp-content/uploads/2025/10/Michel-Underner.jpg" alt="" class="wp-image-2692" srcset="https://jenefumeplus.fr/podcasts/wp-content/uploads/2025/10/Michel-Underner.jpg 512w, https://jenefumeplus.fr/podcasts/wp-content/uploads/2025/10/Michel-Underner-300x300.jpg 300w, https://jenefumeplus.fr/podcasts/wp-content/uploads/2025/10/Michel-Underner-150x150.jpg 150w" sizes="auto, (max-width: 512px) 100vw, 512px" /></figure>
</div>
</div>



<p></p>



<h2 class="wp-block-heading has-large-font-size">Avec le soutien financier de la Fondation Afnic pour la solidarité numérique</h2>



<div class="wp-block-columns is-layout-flex wp-container-core-columns-is-layout-28f84493 wp-block-columns-is-layout-flex">
<div class="wp-block-column is-layout-flow wp-block-column-is-layout-flow" style="flex-basis:33.33%">
<figure class="wp-block-image size-full"><img loading="lazy" decoding="async" width="370" height="135" src="https://jenefumeplus.fr/podcasts/wp-content/uploads/2024/10/Logo-FONDAFNIC.jpg" alt="" class="wp-image-2143" srcset="https://jenefumeplus.fr/podcasts/wp-content/uploads/2024/10/Logo-FONDAFNIC.jpg 370w, https://jenefumeplus.fr/podcasts/wp-content/uploads/2024/10/Logo-FONDAFNIC-300x109.jpg 300w" sizes="auto, (max-width: 370px) 100vw, 370px" /></figure>
</div>



<div class="wp-block-column is-layout-flow wp-block-column-is-layout-flow" style="flex-basis:66.66%">
<p class="has-medium-font-size">La Fondation Afnic pour la Solidarité Numérique a pour objet le soutien au développement d&rsquo;un Internet solidaire, la formation et la sensibilisation à ses usages, par le soutien à des initiatives locales et structurantes de solidarité numérique.</p>
</div>
</div>



<p></p>



<h2 class="wp-block-heading has-large-font-size">Les protagonistes des dialogues autour de la défume</h2>



<div class="wp-block-columns is-layout-flex wp-container-core-columns-is-layout-28f84493 wp-block-columns-is-layout-flex">
<div class="wp-block-column is-layout-flow wp-block-column-is-layout-flow" style="flex-basis:33.33%">
<figure class="wp-block-image size-large"><img loading="lazy" decoding="async" width="1024" height="576" src="https://jenefumeplus.fr/podcasts/wp-content/uploads/2025/10/9-la-diminution-et-lauto-titrage-HD-1080p-mov-image-1024x576.jpg" alt="" class="wp-image-2533" srcset="https://jenefumeplus.fr/podcasts/wp-content/uploads/2025/10/9-la-diminution-et-lauto-titrage-HD-1080p-mov-image-1024x576.jpg 1024w, https://jenefumeplus.fr/podcasts/wp-content/uploads/2025/10/9-la-diminution-et-lauto-titrage-HD-1080p-mov-image-300x169.jpg 300w, https://jenefumeplus.fr/podcasts/wp-content/uploads/2025/10/9-la-diminution-et-lauto-titrage-HD-1080p-mov-image-768x432.jpg 768w, https://jenefumeplus.fr/podcasts/wp-content/uploads/2025/10/9-la-diminution-et-lauto-titrage-HD-1080p-mov-image-1536x864.jpg 1536w, https://jenefumeplus.fr/podcasts/wp-content/uploads/2025/10/9-la-diminution-et-lauto-titrage-HD-1080p-mov-image.jpg 1920w" sizes="auto, (max-width: 1024px) 100vw, 1024px" /></figure>
</div>



<div class="wp-block-column is-layout-flow wp-block-column-is-layout-flow" style="flex-basis:66.66%">
<p>Françoise Gaudel</p>



<p class="has-medium-font-size">Psychologue, tabacologue, patiente-experte Addictions, présidente de l&rsquo;association Je ne fume plus !#JNFP</p>
</div>
</div>



<div class="wp-block-columns is-layout-flex wp-container-core-columns-is-layout-28f84493 wp-block-columns-is-layout-flex">
<div class="wp-block-column is-layout-flow wp-block-column-is-layout-flow" style="flex-basis:66.66%">
<p>Benoît Beaume</p>



<p class="has-medium-font-size">Patient-expert addictions.<br></p>
</div>



<div class="wp-block-column is-layout-flow wp-block-column-is-layout-flow" style="flex-basis:33.33%">
<figure class="wp-block-image size-full"><img loading="lazy" decoding="async" width="996" height="558" src="https://jenefumeplus.fr/podcasts/wp-content/uploads/2025/01/Capture-décran-2025-10-04-à-16.14.13.png" alt="" class="wp-image-2632" srcset="https://jenefumeplus.fr/podcasts/wp-content/uploads/2025/01/Capture-décran-2025-10-04-à-16.14.13.png 996w, https://jenefumeplus.fr/podcasts/wp-content/uploads/2025/01/Capture-décran-2025-10-04-à-16.14.13-300x168.png 300w, https://jenefumeplus.fr/podcasts/wp-content/uploads/2025/01/Capture-décran-2025-10-04-à-16.14.13-768x430.png 768w" sizes="auto, (max-width: 996px) 100vw, 996px" /></figure>
</div>
</div>



<p></p>



<h2 class="wp-block-heading has-large-font-size">Ont participé à la création, à l&rsquo;édition et à la mise en ligne du contenu du site :</h2>



<p class="has-medium-font-size">Alain Dejour (Transcription, Conception-Édition web), Dominique Everaerts (Écoute et repérage des liens), Alexia Galtié (Appui au choix des épisodes, sélection et validation des passages sonores), Françoise Gaudel (Rédactrice), Pascal Henriot (Création et montage vidéos d&rsquo;illustration), Elise Krempp (Relecture, liens), Michèle Robine (Relecture, liens), Ingrid Rotolo (Création et montage vidéos d&rsquo;illustration),</p>



<p></p>



<h2 class="wp-block-heading has-large-font-size">Ingénieur du son, montage et édition sonore des podcasts, création musicale</h2>



<p class="has-medium-font-size">Félix de Meyer – Compositeur<br>35250 Saint-Germain-sur-Ille<br>N°ss : 1 90 04 49 007 364 12<br>N°Artiste : 748000007205249894<br>demeyerfelix@gmail.com</p>



<p></p>



<h2 class="wp-block-heading has-large-font-size">Site et podcasts produits par l&rsquo;association Je ne fume plus ! #JNFP</h2>



<div class="wp-block-columns is-layout-flex wp-container-core-columns-is-layout-28f84493 wp-block-columns-is-layout-flex">
<div class="wp-block-column is-layout-flow wp-block-column-is-layout-flow" style="flex-basis:33.33%">
<figure class="wp-block-image size-full"><img loading="lazy" decoding="async" width="512" height="512" src="https://jenefumeplus.fr/podcasts/wp-content/uploads/2024/08/cropped-logo-rond-512x512-1.png" alt="" class="wp-image-1953" srcset="https://jenefumeplus.fr/podcasts/wp-content/uploads/2024/08/cropped-logo-rond-512x512-1.png 512w, https://jenefumeplus.fr/podcasts/wp-content/uploads/2024/08/cropped-logo-rond-512x512-1-300x300.png 300w, https://jenefumeplus.fr/podcasts/wp-content/uploads/2024/08/cropped-logo-rond-512x512-1-150x150.png 150w, https://jenefumeplus.fr/podcasts/wp-content/uploads/2024/08/cropped-logo-rond-512x512-1-270x270.png 270w, https://jenefumeplus.fr/podcasts/wp-content/uploads/2024/08/cropped-logo-rond-512x512-1-192x192.png 192w, https://jenefumeplus.fr/podcasts/wp-content/uploads/2024/08/cropped-logo-rond-512x512-1-180x180.png 180w, https://jenefumeplus.fr/podcasts/wp-content/uploads/2024/08/cropped-logo-rond-512x512-1-32x32.png 32w" sizes="auto, (max-width: 512px) 100vw, 512px" /></figure>
</div>



<div class="wp-block-column is-layout-flow wp-block-column-is-layout-flow" style="flex-basis:66.66%">
<p class="has-medium-font-size"><br>L&rsquo;association JNFP gère un espace d’auto-support, d&rsquo;entraide et d&rsquo;information sur Facebook, de 26 000 membres aujourd’hui, avec l’inscription de plus de 50 000 personnes depuis 2015.</p>



<p class="has-medium-font-size"><a href="https://www.facebook.com/groups/jenefumeplus" data-type="link" data-id="https://www.facebook.com/groups/jenefumeplus">Groupe Facebook #JNFP</a></p>



<p class="has-medium-font-size">L&rsquo;association JNFP mène de nombreuses actions à destinations du grand public et des professionnels.<br><a href="https://www.facebook.com/search/top?q=je%20ne%20fume%20plus%20%23jnfp%20l%27asso." data-type="link" data-id="https://www.facebook.com/search/top?q=je%20ne%20fume%20plus%20%23jnfp%20l%27asso.">Page Facebook de l&rsquo;association</a></p>
</div>
</div>



<div class="wp-block-columns is-layout-flex wp-container-core-columns-is-layout-28f84493 wp-block-columns-is-layout-flex">
<div class="wp-block-column is-layout-flow wp-block-column-is-layout-flow">
<figure class="wp-block-image size-large"><img loading="lazy" decoding="async" width="724" height="1024" src="https://jenefumeplus.fr/podcasts/wp-content/uploads/2025/10/Flyer-Asso-JNFP-wLinks-724x1024.jpg" alt="" class="wp-image-2749" srcset="https://jenefumeplus.fr/podcasts/wp-content/uploads/2025/10/Flyer-Asso-JNFP-wLinks-724x1024.jpg 724w, https://jenefumeplus.fr/podcasts/wp-content/uploads/2025/10/Flyer-Asso-JNFP-wLinks-212x300.jpg 212w, https://jenefumeplus.fr/podcasts/wp-content/uploads/2025/10/Flyer-Asso-JNFP-wLinks-768x1086.jpg 768w, https://jenefumeplus.fr/podcasts/wp-content/uploads/2025/10/Flyer-Asso-JNFP-wLinks-1086x1536.jpg 1086w, https://jenefumeplus.fr/podcasts/wp-content/uploads/2025/10/Flyer-Asso-JNFP-wLinks-1448x2048.jpg 1448w, https://jenefumeplus.fr/podcasts/wp-content/uploads/2025/10/Flyer-Asso-JNFP-wLinks.jpg 1655w" sizes="auto, (max-width: 724px) 100vw, 724px" /></figure>
</div>
</div>

<p>Ce site est dédié à la mémoire du Dr Michel Underner Michel Underner était médecin, pneumologue, et &nbsp;tabacologue au CH Henri Laborit à Poitiers.Membre éminent de la société francophone de tabacologie, il était l&rsquo;un des plus grands spécialistes de la tabacologie en France. « Dr Mike » devait enregistrer ces podcasts avec nous. Nous tenons à saluer [&hellip;]</p>
