{"id":3,"date":"2024-04-10T14:37:18","date_gmt":"2024-04-10T12:37:18","guid":{"rendered":"https:\/\/jenefumeplus.fr\/podcasts\/?page_id=3"},"modified":"2025-10-05T14:52:31","modified_gmt":"2025-10-05T12:52:31","slug":"politique-de-confidentialite","status":"publish","type":"page","link":"https:\/\/jenefumeplus.fr\/podcasts\/?page_id=3","title":{"rendered":"Politique de confidentialit\u00e9"},"content":{"rendered":"\n<h2 class=\"wp-block-heading has-large-font-size\">Qui sommes-nous&nbsp;?<\/h2>\n\n\n\n<p class=\"has-medium-font-size\">Le site jenefumeplus.fr\/podcasts est cr\u00e9\u00e9 et g\u00e9r\u00e9 par l&rsquo;association Je ne fume plus #JNFP, BP 44, Mairie, 1 rue Edmond Besson 56140 Malestroit.<\/p>\n\n\n\n<p class=\"has-medium-font-size\">Siret : 83470694700027  &#8211; No RNA : W224006092<\/p>\n\n\n\n<p class=\"has-medium-font-size\">Objet : accompagnement au sevrage tabagique par l&rsquo;organisation d&rsquo;espaces de parole et d&rsquo;auto-support ; d\u00e9veloppement de tous les moyens appropri\u00e9s et notamment mise en place d&rsquo;outils ou de plateformes d&rsquo;accompagnement au sevrage tabagique et aux \u00e9ventuelles co-addictions pour des individus qui en expriment le d\u00e9sir ou la perspective ; animation d&rsquo;un r\u00e9seau social o\u00f9 les membres peuvent s&rsquo;entraider pour cesser de fumer et \u00e9changer des informations sur le danger et les cons\u00e9quences de la consommation de tabac fum\u00e9 ; il a pour objectif la r\u00e9duction des risques associ\u00e9s \u00e0 cette consommation ; r\u00e9union de groupes locaux, diffusion de messages via les plateformes de r\u00e9seau social, dialogue avec les administrations, les associations et les fondations, diffusion de documentation et d&rsquo;outils de communications ; utilisation de tous les moyens de communication en mesure de concourir \u00e0 l&rsquo;accompagnement du sevrage tabagique, et toute activit\u00e9 respectant les lois et r\u00e8glements en vigueur<\/p>\n\n\n\n<p class=\"has-medium-font-size\">Ce site et la production des podcasts pr\u00e9sent\u00e9s ont \u00e9t\u00e9 produits avec le soutien de la Fondation AFNIC pour la solidarit\u00e9 num\u00e9rique, abrit\u00e9e par la Fondation de France. <a href=\"https:\/\/www.fondation-afnic.fr\/fr\/Accueil.htm\">www.fondation-afnic.fr\/fr\/Accueil.htm<\/a><\/p>\n\n\n\n<p class=\"has-medium-font-size\"><\/p>\n\n\n\n<h2 class=\"wp-block-heading has-large-font-size\">Commentaires<\/h2>\n\n\n\n<p class=\"has-medium-font-size\">Le site n&rsquo;accepte pas de commentaires. Aucune collecte de donn\u00e9es associ\u00e9e.<\/p>\n\n\n\n<h2 class=\"wp-block-heading has-large-font-size\">M\u00e9dias<\/h2>\n\n\n\n<p class=\"has-medium-font-size\">Le site n&rsquo;accepte pas de t\u00e9l\u00e9versement d&rsquo;images de la part des visiteurs.<\/p>\n\n\n\n<p class=\"has-medium-font-size\">Les images utilis\u00e9es sur le site sont produites en interne ou produites par l&rsquo;IA : MidJourney, ChatGPT, Canva.<\/p>\n\n\n\n<h2 class=\"wp-block-heading has-large-font-size\">Cookies<\/h2>\n\n\n\n<p class=\"has-medium-font-size\">Le site n\u2019utilise pas de cookies autres que ceux strictement n\u00e9cessaires \u00e0 son fonctionnement technique. Aucun suivi ou profilage n\u2019est effectu\u00e9.<\/p>\n\n\n\n<h2 class=\"wp-block-heading has-large-font-size\">Contenu embarqu\u00e9 depuis d\u2019autres sites<\/h2>\n\n\n\n<p class=\"has-medium-font-size\">Les articles de ce site peuvent inclure des contenus int\u00e9gr\u00e9s (par exemple des vid\u00e9os, images, articles\u2026). Le contenu int\u00e9gr\u00e9 depuis d\u2019autres sites se comporte de la m\u00eame mani\u00e8re que si le visiteur se rendait sur cet autre site.<\/p>\n\n\n\n<p class=\"has-medium-font-size\">Ces sites web pourraient collecter des donn\u00e9es sur vous, utiliser des cookies, embarquer des outils de suivis tiers, suivre vos interactions avec ces contenus embarqu\u00e9s si vous disposez d\u2019un compte connect\u00e9 sur leur site web.<\/p>\n\n\n\n<h2 class=\"wp-block-heading has-large-font-size\">Utilisation et transmission de vos donn\u00e9es personnelles<\/h2>\n\n\n\n<p class=\"has-medium-font-size\">Le site ne collecte pas et ne transmet pas vos donn\u00e9es personnelles<\/p>\n\n\n\n<h2 class=\"wp-block-heading has-large-font-size\">Dur\u00e9es de stockage de vos donn\u00e9es<\/h2>\n\n\n\n<p class=\"has-medium-font-size\">Vos donn\u00e9es personnelles ne sont pas stock\u00e9es.<\/p>\n\n\n\n<h2 class=\"wp-block-heading has-large-font-size\">Les droits que vous avez sur vos donn\u00e9es<\/h2>\n\n\n\n<p class=\"has-medium-font-size\">Conform\u00e9ment au RGPD et \u00e0 la Loi Informatique et Libert\u00e9s, chaque utilisateur dispose d\u2019un droit d\u2019acc\u00e8s, de rectification et de suppression des \u00e9ventuelles donn\u00e9es le concernant. \u00c9tant donn\u00e9 l\u2019absence de collecte, ces droits ne requi\u00e8rent aucune d\u00e9marche sp\u00e9cifique.<\/p>\n\n\n\n<p><\/p>\n\n\n\n<h2 class=\"wp-block-heading has-large-font-size\">Contact RGPD<\/h2>\n\n\n\n<p class=\"has-medium-font-size\">Pour toute question relative \u00e0 la protection des donn\u00e9es personnelles, contacter : dpo@jenefumeplus.org. ou adressez un courrier \u00e0 l&rsquo;adresse du si\u00e8ge social, avec la mention \u00ab\u00a0DPO\u00a0\u00bb.<\/p>\n\n\n\n<p><\/p>\n","protected":false},"excerpt":{"rendered":"<p>Qui sommes-nous&nbsp;? Le site jenefumeplus.fr\/podcasts est cr\u00e9\u00e9 et g\u00e9r\u00e9 par l&rsquo;association Je ne fume plus #JNFP, BP 44, Mairie, 1 rue Edmond Besson 56140 Malestroit. Siret : 83470694700027 &#8211; No RNA : W224006092 Objet : accompagnement au sevrage tabagique par l&rsquo;organisation d&rsquo;espaces de parole et d&rsquo;auto-support ; d\u00e9veloppement de tous les moyens appropri\u00e9s et notamment [&hellip;]<\/p>\n","protected":false},"author":1,"featured_media":0,"parent":0,"menu_order":0,"comment_status":"closed","ping_status":"open","template":"","meta":{"footnotes":""},"class_list":["post-3","page","type-page","status-publish","hentry"],"_links":{"self":[{"href":"https:\/\/jenefumeplus.fr\/podcasts\/index.php?rest_route=\/wp\/v2\/pages\/3","targetHints":{"allow":["GET"]}}],"collection":[{"href":"https:\/\/jenefumeplus.fr\/podcasts\/index.php?rest_route=\/wp\/v2\/pages"}],"about":[{"href":"https:\/\/jenefumeplus.fr\/podcasts\/index.php?rest_route=\/wp\/v2\/types\/page"}],"author":[{"embeddable":true,"href":"https:\/\/jenefumeplus.fr\/podcasts\/index.php?rest_route=\/wp\/v2\/users\/1"}],"replies":[{"embeddable":true,"href":"https:\/\/jenefumeplus.fr\/podcasts\/index.php?rest_route=%2Fwp%2Fv2%2Fcomments&post=3"}],"version-history":[{"count":4,"href":"https:\/\/jenefumeplus.fr\/podcasts\/index.php?rest_route=\/wp\/v2\/pages\/3\/revisions"}],"predecessor-version":[{"id":2672,"href":"https:\/\/jenefumeplus.fr\/podcasts\/index.php?rest_route=\/wp\/v2\/pages\/3\/revisions\/2672"}],"wp:attachment":[{"href":"https:\/\/jenefumeplus.fr\/podcasts\/index.php?rest_route=%2Fwp%2Fv2%2Fmedia&parent=3"}],"curies":[{"name":"wp","href":"https:\/\/api.w.org\/{rel}","templated":true}]}}

Politique de confidentialité

<h2 class="wp-block-heading has-large-font-size">Qui sommes-nous&nbsp;?</h2>



<p class="has-medium-font-size">Le site jenefumeplus.fr/podcasts est créé et géré par l&rsquo;association Je ne fume plus #JNFP, BP 44, Mairie, 1 rue Edmond Besson 56140 Malestroit.</p>



<p class="has-medium-font-size">Siret : 83470694700027  &#8211; No RNA : W224006092</p>



<p class="has-medium-font-size">Objet : accompagnement au sevrage tabagique par l&rsquo;organisation d&rsquo;espaces de parole et d&rsquo;auto-support ; développement de tous les moyens appropriés et notamment mise en place d&rsquo;outils ou de plateformes d&rsquo;accompagnement au sevrage tabagique et aux éventuelles co-addictions pour des individus qui en expriment le désir ou la perspective ; animation d&rsquo;un réseau social où les membres peuvent s&rsquo;entraider pour cesser de fumer et échanger des informations sur le danger et les conséquences de la consommation de tabac fumé ; il a pour objectif la réduction des risques associés à cette consommation ; réunion de groupes locaux, diffusion de messages via les plateformes de réseau social, dialogue avec les administrations, les associations et les fondations, diffusion de documentation et d&rsquo;outils de communications ; utilisation de tous les moyens de communication en mesure de concourir à l&rsquo;accompagnement du sevrage tabagique, et toute activité respectant les lois et règlements en vigueur</p>



<p class="has-medium-font-size">Ce site et la production des podcasts présentés ont été produits avec le soutien de la Fondation AFNIC pour la solidarité numérique, abritée par la Fondation de France. <a href="https://www.fondation-afnic.fr/fr/Accueil.htm">www.fondation-afnic.fr/fr/Accueil.htm</a></p>



<p class="has-medium-font-size"></p>



<h2 class="wp-block-heading has-large-font-size">Commentaires</h2>



<p class="has-medium-font-size">Le site n&rsquo;accepte pas de commentaires. Aucune collecte de données associée.</p>



<h2 class="wp-block-heading has-large-font-size">Médias</h2>



<p class="has-medium-font-size">Le site n&rsquo;accepte pas de téléversement d&rsquo;images de la part des visiteurs.</p>



<p class="has-medium-font-size">Les images utilisées sur le site sont produites en interne ou produites par l&rsquo;IA : MidJourney, ChatGPT, Canva.</p>



<h2 class="wp-block-heading has-large-font-size">Cookies</h2>



<p class="has-medium-font-size">Le site n’utilise pas de cookies autres que ceux strictement nécessaires à son fonctionnement technique. Aucun suivi ou profilage n’est effectué.</p>



<h2 class="wp-block-heading has-large-font-size">Contenu embarqué depuis d’autres sites</h2>



<p class="has-medium-font-size">Les articles de ce site peuvent inclure des contenus intégrés (par exemple des vidéos, images, articles…). Le contenu intégré depuis d’autres sites se comporte de la même manière que si le visiteur se rendait sur cet autre site.</p>



<p class="has-medium-font-size">Ces sites web pourraient collecter des données sur vous, utiliser des cookies, embarquer des outils de suivis tiers, suivre vos interactions avec ces contenus embarqués si vous disposez d’un compte connecté sur leur site web.</p>



<h2 class="wp-block-heading has-large-font-size">Utilisation et transmission de vos données personnelles</h2>



<p class="has-medium-font-size">Le site ne collecte pas et ne transmet pas vos données personnelles</p>



<h2 class="wp-block-heading has-large-font-size">Durées de stockage de vos données</h2>



<p class="has-medium-font-size">Vos données personnelles ne sont pas stockées.</p>



<h2 class="wp-block-heading has-large-font-size">Les droits que vous avez sur vos données</h2>



<p class="has-medium-font-size">Conformément au RGPD et à la Loi Informatique et Libertés, chaque utilisateur dispose d’un droit d’accès, de rectification et de suppression des éventuelles données le concernant. Étant donné l’absence de collecte, ces droits ne requièrent aucune démarche spécifique.</p>



<p></p>



<h2 class="wp-block-heading has-large-font-size">Contact RGPD</h2>



<p class="has-medium-font-size">Pour toute question relative à la protection des données personnelles, contacter : dpo@jenefumeplus.org. ou adressez un courrier à l&rsquo;adresse du siège social, avec la mention « DPO ».</p>



<p></p>

<p>Qui sommes-nous&nbsp;? Le site jenefumeplus.fr/podcasts est créé et géré par l&rsquo;association Je ne fume plus #JNFP, BP 44, Mairie, 1 rue Edmond Besson 56140 Malestroit. Siret : 83470694700027 &#8211; No RNA : W224006092 Objet : accompagnement au sevrage tabagique par l&rsquo;organisation d&rsquo;espaces de parole et d&rsquo;auto-support ; développement de tous les moyens appropriés et notamment [&hellip;]</p>
